actors of j.
3
Suppose 7*f - 11 = 2*n + 2*f, -4*f = n - 14. Suppose 140 = n*y + 2*y. List the prime factors of y.
5, 7
Let f = 10 - 8. Suppose -f*c + 5 + 23 = 0. What are the prime factors of c?
2, 7
Let k = 261 - 130. What are the prime factors of k?
131
What are the prime factors of -3*2*118/(-4)?
3, 59
Suppose 2*b - 2*i - 4 = 2, b + 2*i - 6 = 0. Let a be (b*1)/(-2 - -4). Suppose y = 6 + a. List the prime factors of y.
2
Let u(s) = s**2 - 4*s - 4. What are the prime factors of u(-4)?
2, 7
Let t(a) = 3*a**2 - 3*a + 1. Let p be t(2). Let f = p - -8. What are the prime factors of f?
3, 5
Let a = 17 - -28. List the prime factors of a.
3, 5
What are the prime factors of -1*((-48 - 3) + 2)?
7
Suppose 2*i - i = -4. Let s = -4 + 2. Let r = s - i. What are the prime factors of r?
2
List the prime factors of ((-3)/5)/(6/(-330)).
3, 11
Let k(j) = 8*j + j**2 - 2*j**2 + 5 + j. Let g be k(7). Let i = g - 4. What are the prime factors of i?
3, 5
List the prime factors of (-97)/(-4) + (-21)/(-28).
5
Suppose 0 = d + 4*d. Suppose -5*a - f = 2, 2*a - 10 = -d*a + 5*f. Suppose a = 3*r + r - 28. What are the prime factors of r?
7
Let o(g) = -17*g - 3. Let b(h) = h**2 - 8*h + 12. Let r be b(5). What are the prime factors of o(r)?
2, 3
Let o be (1 - (-5)/(-3))*9. Let b be 3/(9/o) - -2. What are the prime factors of (9 - -2 - -1) + b?
2, 3
Let y(g) = -g + 7. Let r(k) = -k + 7. Let j(o) = -2*r(o) + 3*y(o). What are the prime factors of j(-15)?
2, 11
Let r(w) = -w**3 - 5*w**2 + 6*w - 3. Let a be r(-6). List the prime factors of (3 - (0 - a)) + 15.
3, 5
Let n = 19 - 16. Let x be 1 + -1 + 1 - 5. List the prime factors of (-2)/n*(x - 2).
2
Let k(o) = o**2 - 18*o + 14. What are the prime factors of k(20)?
2, 3
Let b(j) = 2*j**3 - 8*j**2 - 9*j + 6. Let r(z) = -3*z**3 + 7*z**2 + 9*z - 6. Let s(u) = -4*b(u) - 3*r(u). List the prime factors of s(-10).
2
Suppose -6 = -4*y + 14. Suppose 0*g - 75 = -y*g. List the prime factors of g.
3, 5
Let m(j) = -18*j - 3. Let n(w) = -53*w - 8. Let k(y) = 11*m(y) - 4*n(y). What are the prime factors of k(1)?
13
Suppose -2*o + 2 + 2 = 0. List the prime factors of 559/78 - o/12.
7
What are the prime factors of (2/2)/((-16)/(-3056))?
191
Suppose -5*f + 3*w - 54 = -9, 5*w - 25 = 0. Let l be 0*(2 + f/2). Suppose -u + 47 = 4*s, l = 2*s + 3*s + 2*u - 61. List the prime factors of s.
11
Let k(t) = 2*t - 1. Suppose -3*c = -12 - 6. List the prime factors of k(c).
11
Suppose 9 - 3 = 3*u. Suppose u*n = -13 - 23. What are the prime factors of (n/(-3))/3 + 15?
17
Suppose 1 = -o + 3. Suppose -n - 4*s + 40 = -o, -4*s = -2*n + 144. Suppose -4*a - 18 + n = 0. List the prime factors of a.
11
Let t = 18 + -6. Suppose t = 4*o - 32. What are the prime factors of o?
11
Let l = -22 + 16. Let i = 9 - l. What are the prime factors of i?
3, 5
Let o(v) = v**2 + 2*v + 3. List the prime factors of o(-4).
11
Let c = 17 + -10. Let h = c + 6. List the prime factors of h.
13
Let g(m) = -m**2 - 15*m + 17. List the prime factors of g(-15).
17
Let h be (-2)/4*(-9 + 1). Suppose -2*y + 73 = -27. Suppose 0 = h*x + 2 - y. What are the prime factors of x?
2, 3
Let h(s) = -3*s**2 + 0*s - s - 4*s**2. Let q be h(1). List the prime factors of (-64)/(-6) + q/12.
2, 5
Suppose 0 = -h + 119 + 34. List the prime factors of h.
3, 17
Let o(u) = u**3 - 4*u**2 - 3*u - 4. Let i be o(5). Let p = -3 + i. Suppose -3*a + 31 = 5*s, 3*a - p*s = 21 - 6. List the prime factors of a.
7
Let x(y) = 4*y**2 - y + 3. What are the prime factors of x(2)?
17
List the prime factors of (-33)/(2/4 - 2).
2, 11
What are the prime factors of ((-2)/6)/(3 + (-3324)/1107)?
3, 41
Suppose r = -2*r + 6. List the prime factors of (-3)/((r + 0)/(-14)).
3, 7
Let j(f) = -3 + 3 + 3*f**3 + f + 2*f**2 - 1. What are the prime factors of j(1)?
5
Let h = -4 + 4. List the prime factors of (3 + -5)*(-1 - h).
2
Let d(y) = 3*y**3 + y**2 - 2*y + 1. Let h be d(1). Suppose 4*v + h*f - 94 = 7, 2*f = -2. List the prime factors of v.
2, 13
Let b(g) = 2*g**2 + 3*g - 3. Suppose -3*x = 2*x - 25. Let j be b(x). Suppose 2*s + 38 = 2*p - 3*s, -4*p + 3*s + j = 0. List the prime factors of p.
2, 7
Let w be ((-6)/5)/((-12)/560). Let c = w + -36. What are the prime factors of c?
2, 5
Suppose -2*r - 2 + 14 = 0. Suppose -r = -t - 3. List the prime factors of t.
3
Let w be 2/(-5) + (-140)/25. Let t(c) be the third derivative of -c**6/120 - 7*c**5/60 - 3*c**4/8 - 5*c**3/6 - c**2. List the prime factors of t(w).
13
Let a be (-411)/(-15) + 2/(-5). Let s = -18 + a. List the prime factors of s.
3
Let n = 0 + 2. Suppose -2*y = 2*j + 2, 0 = -j + y + n*y + 11. List the prime factors of j.
2
Suppose 0 = -y + 3. Suppose -44 = -y*j + j. Let l = -13 + j. List the prime factors of l.
3
Let y(b) = b**3 + 13*b**2 + 7*b + 10. Let m be y(-13). Let c = m - -114. What are the prime factors of c?
3, 11
Let b(a) = 29*a - 10. What are the prime factors of b(4)?
2, 53
Suppose -3*w = 4*y + 12, -2*y + 8 = -2*w - 0*w. Suppose y*t - 8 = 2*t. What are the prime factors of (-96)/(-10) + t/(-10)?
2, 5
Let j be 8*(-2)/(-4)*1. Suppose -5*w + 204 = j*k + 69, -60 = -2*k - 4*w. What are the prime factors of k?
2, 5
Let n = 19 - 17. Suppose -n*v - v + 90 = 0. What are the prime factors of v?
2, 3, 5
Suppose 4*t + 16 = 3*w - 0*t, -4 = -2*w + t. Let k(a) = -a. Let s be k(w). Suppose s = 4*h - h - 9. What are the prime factors of h?
3
Let a = 1 + 29. List the prime factors of a.
2, 3, 5
Let n(k) = 19*k - 4. Let y be n(3). Suppose -5 = -2*s + y. What are the prime factors of s?
29
Let v = 216 + 79. List the prime factors of v.
5, 59
List the prime factors of 1516/14 - (1 + 20/(-28)).
2, 3
Let n(b) = -b**2 - 8*b - 3. Let q be n(-7). Suppose 2*w - 4*r = 6 - 2, -r - q = -w. What are the prime factors of w?
2, 3
Let d(f) = 2*f**2 + 25*f - 26. What are the prime factors of d(-20)?
2, 137
Let d(n) = n + 1. Let o(g) = -12*g + 4. Let a(p) = -3*d(p) + o(p). Let s be a(3). What are the prime factors of 8/s + (-79)/(-11)?
7
Let b(u) = -u**3 - 15*u**2 + 14*u - 11. What are the prime factors of b(-16)?
3, 7
Let d = 2 + 36. Let x = -14 + d. What are the prime factors of x?
2, 3
Suppose -2*z + 0*z = 22. Suppose l - 9 = 4*l, 2*s + 42 = 2*l. Let v = z - s. What are the prime factors of v?
13
What are the prime factors of 122/6 - 3/9?
2, 5
Suppose -648 = 16*z - 19*z. What are the prime factors of z?
2, 3
Let q = 276 + -77. What are the prime factors of q?
199
Let d(l) = l**2 - 7*l - 6. List the prime factors of d(-5).
2, 3
Let t be ((-3)/(-2))/(15/70). Suppose z - 3 = t. List the prime factors of z.
2, 5
Let h = 137 - 82. What are the prime factors of h?
5, 11
Let c = -18 - -11. Let r(m) = m**2 + 7*m - 9. Let g be r(c). List the prime factors of (2 + g/1)/(-1).
7
List the prime factors of ((-12)/(-21))/2 + (-598)/(-14).
43
Suppose -20 = -w + 17. What are the prime factors of w?
37
Suppose -5*l + 47 = -193. Suppose -5*k + 22 = -l. What are the prime factors of k?
2, 7
Suppose 4*k = -27 + 143. List the prime factors of k.
29
Let g(i) be the first derivative of i**3/3 - 8*i - 1. Let h be g(6). Suppose -3*q + 43 = 4*d, -3*q + q = -3*d + h. What are the prime factors of d?
2, 5
Suppose 0 = 2*z - 5*s - 87, -4*s = -z + 5*z - 104. What are the prime factors of z?
31
Let u(b) = -5*b - 17. List the prime factors of u(-5).
2
List the prime factors of (530/(-40))/((-2)/8).
53
Let x(m) = 6*m - 1. Suppose -2*f + 8 = f + 2*w, -5*w + 7 = f. What are the prime factors of x(f)?
11
Suppose -5*r - q + 29 = 0, 0*q - 14 = -2*r + 2*q. Suppose 0 + r = c. Suppose 5*b - c = 4. What are the prime factors of b?
2
Let z = 15 - 5. What are the prime factors of z?
2, 5
Let u(i) = 3*i - 6. Let q(t) be the third derivative of 7*t**4/24 - 11*t**3/6 - 2*t**2. Let a(c) = 2*q(c) - 5*u(c). What are the prime factors of a(0)?
2
Let a(s) = s**2 - 7*s - 15. List the prime factors of a(-6).
3, 7
Suppose -w + 2*n = 3*w + 70, 3*w + 30 = -3*n. Let c = w - -7. What are the prime factors of -6 + 5 + (1 - c)?
2
Suppose 5*s - 8 = 2. What are the prime factors of 50/6 - s/6?
2
Suppose -4*x + n + 28 + 44 = 0, -n = 0. List the prime factors of x.
2, 3
Suppose -25 = -3*t + 5. Let a(b) = b**3 - 9*b**2 - 11*b + 14. What are the prime factors of a(t)?
2
List the prime factors of (-4)/22 + (-171)/(-33).
5
Let x = -162 - -231. What are the prime factors of x?
3, 23
L